8 - 2267. List the prime factors of i.
5, 7, 17
Suppose 0 = 5*w + 4*c - 3196 + 629, 4*c + 1010 = 2*w. Let z = w + -330. List the prime factors of z.
181
Let x(z) = -z**3 + 18*z**2 - 25*z + 92. Let u be x(16). Suppose u*y = 209*y - 5205. What are the prime factors of y?
3, 347
Suppose 2*z + 2*d = -1 + 5, -5*z + 2*d = -10. Suppose 8*m = z*m + 1752. List the prime factors of m.
2, 73
Suppose -19*b + 39*b + 12*b = 318176. List the prime factors of b.
61, 163
Let t = 58 + -419. Let u = 506 + t. What are the prime factors of u?
5, 29
Let j = 1911 + -505. List the prime factors of j.
2, 19, 37
Let b(l) = l**2 + 20*l - 17. Let x be b(-21). Let m(s) = s**3 - 7*s**2 + 11*s + 5. Let c be m(x). List the prime factors of ((-9)/(-6) - c)*150.
3, 5
Let w(h) = -h**3 + 4*h**2 - 8*h - 1. Let g be w(5). Let c = g + 115. What are the prime factors of c?
7
Suppose 15*v - 14*v - 4 = 0, 16*v = -2*x + 45096. What are the prime factors of x?
2, 13, 433
Let d(u) = 2500*u**2 - 5*u + 86. List the prime factors of d(3).
22571
Suppose -103*d = -117*d - 14. What are the prime factors of 908 - (-9 + 10)/(d - 0)?
3, 101
Suppose -3*b = 3*i - 4569, 3998 = 4*i - 4*b - 2078. List the prime factors of i.
3, 13
Let v(l) = 20481*l - 1313. What are the prime factors of v(1)?
2, 599
Let w be (-4)/18 + 0 + (-4730)/(-387). Suppose w*h - 5106 = -11*h. List the prime factors of h.
2, 3, 37
Let v(f) = f**2 + 3*f - 10. Let a be v(-6). Suppose -2*s - 75 = 5*t, 0*t = t - s + a. Let k(x) = -x**3 - 13*x**2 - 2*x + 18. What are the prime factors of k(t)?
2, 11
Suppose -11*f + 1319 = -1167. List the prime factors of f.
2, 113
Let i(p) be the second derivative of p**4/2 + 9*p**3/2 - 161*p**2 + 2*p - 10. What are the prime factors of i(13)?
7, 149
Suppose k + 69013 = 5*d, -5*d = 4*k - 40045 - 28978. List the prime factors of d.
3, 43, 107
Let c = -5308 - -10495. Suppose -38*h - c = -45*h. List the prime factors of h.
3, 13, 19
Suppose 4200*c - 4191*c - 11610 = 0. List the prime factors of c.
2, 3, 5, 43
Suppose -2*v = -c - 1, -4*c - 2 + 10 = -4*v. Let t = 8 - c. Suppose 3*o - 1476 = -t*o. List the prime factors of o.
2, 3, 41
Let o(i) = -10*i + 18 - 2 + 23*i. Let u be o(-2). Let q(y) = -y**2 - 13*y + 16. List the prime factors of q(u).
2, 23
Let y(o) = 209*o**2 - 129*o - 1000. List the prime factors of y(-9).
2, 5, 1709
Suppose -r + 6 = 2*z, -9*r = -5*z - 4*r + 15. Suppose -z*w + 210 = -0*w. What are the prime factors of w?
2, 5, 7
Let l(w) = 227*w + 940. What are the prime factors of l(42)?
2, 5237
Let o = 43998 + -36082. List the prime factors of o.
2, 1979
Suppose 38 = -5*q - 2*y, -3*q - 28 = 3*y - 7*y. Let k be q/20 + (757/5 - 3). Suppose -39 = -2*t + 3*r + k, -3*r = -4*t + 389. What are the prime factors of t?
101
Suppose -4*s - 6 = 5*d, 5*d + 9 = 2*d + 3*s. Let b(n) = -2*n**3 + 5*n**2 + 3*n - 3. Let m be b(d). Suppose -m*p - 315 = -30*p. What are the prime factors of p?
3, 5, 7
Let m(g) be the third derivative of -3*g**4/4 - 3*g**3/2 - 2*g**2 + 1. Let l = 0 + -8. What are the prime factors of m(l)?
3, 5
Suppose -4 + 958 = 4*a - 2*s, 20 = -4*s. Suppose 16*r - 3308 = -a. What are the prime factors of r?
2, 3
Let c be 10/(4 + (-4)/2). Let u(r) = 43*r**2 - 13*r + 60. What are the prime factors of u(c)?
2, 5, 107
Suppose 4*f - 37*s + 35*s = 92944, 3*f - 69723 = -s. List the prime factors of f.
17, 1367
Suppose 8*c - 5*h - 92254 = 2*c, c = h + 15376. What are the prime factors of c?
2, 7687
Suppose 40*v = 4225 + 9775. What are the prime factors of v?
2, 5, 7
Let f(z) = 59*z**2 - 8*z - 5. Suppose -34 = -6*o - 22. List the prime factors of f(o).
5, 43
Suppose 0 = -4*w - 0*w + 5*n + 503, 5*w - 634 = n. Suppose 324 = 130*b - w*b. List the prime factors of b.
2, 3
Let w(i) = -i**3 - 5*i**2 + 5*i + 11. Let c be w(-6). Suppose 3*g - 4*d = -4 - c, 3*g + 45 = -4*d. What are the prime factors of (g/(110/4))/(2/(-40))?
2
Let a(y) = y**3 - 5*y**2 - 12*y - 11. Let u be a(7). Let c be (-1)/u - 124/6. List the prime factors of (-3534)/c - (-8)/(-28).
2, 3, 7
Suppose x + 3*q = -0*x + 3, 2*x - 2 = -2*q. Suppose -23*z + 28*z + 5*u - 6620 = x, -4*z + 5300 = 5*u. List the prime factors of z.
2, 3, 5, 11
Suppose 4*l + 380 + 552 = 0. Let m = 399 + l. What are the prime factors of m?
2, 83
Suppose 7*t + 4*t - 17127 = 0. List the prime factors of t.
3, 173
Let c = 35744 + -23917. List the prime factors of c.
11827
Let r(u) = 277*u**2 + 6*u - 2. Let v be r(-2). Suppose -2609 = -5*s + 3*b + 2821, -b + v = s. List the prime factors of s.
3, 11
Suppose 17751 = 3*q - 3*d, 0 = -4*q - 4*d + 9683 + 13953. What are the prime factors of q?
3, 73
Suppose -43*j = -45*j + 548. Suppose 0 = -2*b + b + j. What are the prime factors of b?
2, 137
What are the prime factors of ((-849)/(-2))/((-5)/(1 + -11))?
3, 283
Let t(q) = 83*q - 130. List the prime factors of t(38).
2, 3, 7
Suppose 9090 + 2178 = 9*m. Suppose 2*w + 2504 = 4*c, -2*w + 6*w = 2*c - m. List the prime factors of c.
2, 313
Let c(m) = -15*m**2 + 6*m + 12. Let y be c(9). Let d = y - -2083. List the prime factors of d.
2, 467
Let y = -5906 - -11161. What are the prime factors of y?
5, 1051
Let b = -93 + 205. Let n = -80 + 49. Let a = b + n. List the prime factors of a.
3
Let l(s) = -s**3 + 16*s**2 + 21*s + 2. Let d = 0 - 2. Let o = 19 + d. What are the prime factors of l(o)?
2, 5, 7
Let c = -29 - -71. Let b = c + -42. Suppose -11*a + 2249 + 50 = b. List the prime factors of a.
11, 19
Suppose 1689 = 3*m + 408. Suppose 0 = -12*x + 7*x - 25, 3*s - 2*x = m. List the prime factors of s.
139
Let c(s) = s**3 - s**2 - 5*s + 4. Suppose -25*o - 14 + 164 = 0. List the prime factors of c(o).
2, 7, 11
Let k(g) = -g**3 - 9*g**2 - 39*g + 15. Suppose 4*h + 26 = 4*l - 2, 0 = 2*h - 4*l + 14. List the prime factors of k(h).
2, 5, 19
What are the prime factors of 66568/(81/9 - 0 - 8)?
2, 53, 157
Let a be 5*20/25 - -934. Suppose x - a = -178. List the prime factors of x.
2, 5, 19
Let g be 12/16 + (-140)/16. Let q be (-9 - g)/(2/(-470)). Suppose 0 = 3*p - 2*m - q, p - 2*p + 76 = -3*m. List the prime factors of p.
79
Let o(q) = 4*q**2 + 26*q + 80. Let n be -20*(24/30 - 0). What are the prime factors of o(n)?
2, 43
Let t = -130 + 128. Let y be (4/t)/((75/10)/(-15)). Suppose y*x = 5*g + 115, -4*x + g = 5*g - 88. List the prime factors of x.
5
Let l be 48/26 + (-20)/(-130). Let z = -593 - -844. Suppose l*w = -10, -3*w = 3*y - 2*y - z. What are the prime factors of y?
2, 7, 19
Suppose -7*d + 310 + 131 = 0. Suppose 0*v = 9*v - d. What are the prime factors of 194 + v/(28/(-8))?
2, 3
Let d = -9129 + 17310. List the prime factors of d.
3, 101
Let x(n) = -n**3 - 51*n**2 - 105*n + 30. What are the prime factors of x(-52)?
2, 17, 241
Suppose 4*v - x = 57230 + 26737, 3*x + 20967 = v. List the prime factors of v.
2, 3, 3499
Let i(q) be the first derivative of q**4/2 - 8*q**3/3 + 4*q**2 + 10*q - 3. What are the prime factors of i(7)?
2, 3, 5
Let x(q) = -55*q + 4. Let v be x(-6). Let c = v + -90. What are the prime factors of c?
2, 61
Let s(z) = 9*z**2 - 2*z + 24. Let d(p) = 35*p**2 - 9*p + 98. Let t(c) = -2*d(c) + 9*s(c). List the prime factors of t(-4).
2, 7
Suppose -60*p = -50*p + 4620. Let c = 779 + p. List the prime factors of c.
317
Suppose -157 = -b - 100. Suppose -b*n + 935 = -52*n. List the prime factors of n.
11, 17
Suppose l + 44654 = d, -5*d + 43184 = -4*l - 180077. What are the prime factors of d?
5, 8929
Suppose 0 = -9*u + 20644 + 37262. What are the prime factors of u?
2, 3217
Let t(q) = -29*q + 415. Let f be t(23). Suppose 1182 = -2*m + 252. Let n = f - m. What are the prime factors of n?
3, 71
Suppose -r - 31 = -4*x, 4*x = -x + 3*r + 44. Suppose 0 = x*h - 8*h + 513. List the prime factors of h.
3, 19
Let m(p) = 32*p**2 + 61*p - 460. List the prime factors of m(10).
2, 5, 67
Suppose -80*y + 5*y + 829425 = 0. List the prime factors of y.
11059
Let h(a) = -36*a - 1. Let c be h(0). What are the prime factors of -7*c/1 - -156?
163
Suppose -31*r = -69 + 7. What are the prime factors of (-2540)/(-20) + -2 + r?
127
Suppose -135 - 133 = -t + 173. What are the prime factors of t?
3, 7
Let j(k) = -k**3 + 45*k**2 - 75*k + 211. List the prime factors of j(42).
13, 181
Let h = -1765 - -932. Let y = h - 700. What are the prime factors of y/(-18) + 2/(-12)?
5, 17
Let n(m) = 302*m**2 - 100*m - 74. What are the 